 + 10*k**2 - 3*k - 3. Let r(f) = q*h(f) - 4*t(f). Is r(6) composite?
False
Suppose 4*y - 2187 = -5*i - 802, -y = 0. Let p(x) = -x**2 - 9*x + 13. Let s be p(-10). Suppose -s*j = -296 - i. Is j a prime number?
True
Suppose 0 = -5*m - 4*z + 43519, -5*z - 4655 - 4072 = -m. Is m composite?
False
Let x = 3056 + -1083. Is x composite?
False
Suppose 0 = -5*g - 20 - 25. Let w = g - -13. Is 222/w*8/12 a prime number?
True
Let c be (1 - (-21)/(-6))*-2. Suppose -59 + 234 = c*h. Is h a composite number?
True
Let a(c) = -c - 6. Suppose -2*s + 4*k - 1 = 23, 3*s - 8 = -5*k. Let f be a(s). Is (-1)/f*(1 - -281) composite?
True
Suppose 2*z + g - 4*g - 25 = 0, 3*z - 20 = g. Is 2029/z + (-2)/(-10) - -1 a prime number?
False
Suppose q = -3*s + 3804, 1768 - 513 = s - 4*q. Is s composite?
True
Let r be 63/15 + ((-36)/(-30))/(-6). Suppose 3*h = i + 921, r*h = -0*h - 2*i + 1228. Is h composite?
False
Let l = -34 + 23. Let o(t) be the third derivative of -t**4/24 + 2*t**3 + 3*t**2. Is o(l) prime?
True
Let m be ((-1982)/(-6))/((-7)/21). Let j be m/(-6) + (-13)/78. Let t = j - -166. Is t a composite number?
False
Suppose y = 2 - 0. Suppose y*p + 3*p - 110 = 0. Suppose 25 = g + r - p, 4*r = g - 47. Is g a composite number?
False
Let j = 26 - 22. Suppose -3*n + j*t = -9247, -t + 1029 - 4112 = -n. Is n composite?
True
Suppose -5*a = 20 - 135. Is a a composite number?
False
Suppose -36885 - 29629 = -14*o. Is o composite?
False
Let c = -12 + 71. Suppose c = 4*w - 53. Is (-393)/(-21) - (-8)/w a composite number?
False
Let t be (-4)/(-10) - 111/15. Let m(u) = u**2 - 7. Let p be m(t). Let n = 203 - p. Is n a prime number?
False
Let m be (-8)/(-2) + 4 - 0. Suppose 0 = -3*d - d + m. Suppose 4*z - 3*c - 94 = -6*c, -d*z + 3*c = -38. Is z composite?
True
Is 3/3*-2 - 2120/(-8) composite?
False
Let d(t) = -2*t - 17. Let o be d(-7). Is (415 - (3 + o)) + 4 composite?
False
Is 4 - (24450/(-6) + 6) composite?
False
Let l = 270 - -271. Suppose 3*i = 2*i + l. Is i composite?
False
Let l(v) = 4*v - 2. Let a be l(2). Is (-1310)/(-3) - a/9 - -3 a prime number?
True
Let k(l) = -11*l**3 + 4*l**2 + 9*l + 4. Suppose 3*x = 4*x - 2*d + 10, x = 3*d - 13. Let a be k(x). Suppose 0 = z - 4, 0 = -4*g - 0*z + z + a. Is g prime?
False
Let y = -628 - -1683. Is y composite?
True
Let j(v) be the first derivative of 23*v**2 + 13*v - 7. Is j(7) a composite number?
True
Suppose i = -2*t + 68 - 18, 5*i - 2*t = 190. Suppose -i = -4*o + 3468. Is o a prime number?
True
Let g(c) = 34*c + 7. Let u be g(6). Suppose -3*m - u = -3856. Suppose q - 2*z - 249 = 0, 0*q - 4*z - m = -5*q. Is q composite?
False
Suppose 351242 = 42*p - 462928. Is p composite?
True
Suppose -6*i = -9*i. Suppose -6*f + i*f + 894 = 0. Is f a prime number?
True
Let q = 9 - -1. Suppose -293 = -11*h + q*h. Is h composite?
False
Let d(n) = 3*n**2 + 1. Let w be d(1). Suppose -5*b + 4*j = -1617, -w*b = j + 4*j - 1269. Suppose 0 = 2*l - f - 331, 2*l + 0*l + f = b. Is l prime?
True
Let d(l) = 263*l - 25. Let k be d(-7). Let w = 2953 + k. Is w prime?
True
Suppose 0*w = 5*w - 14695. Is w a composite number?
False
Let v(d) = d**3 - 15*d**2 - 6*d - 18. Let n be v(16). Suppose 0 = w + 4*y - n, -3*w + 274 = -w + 3*y. Is w composite?
True
Suppose 60*j - 46*j = 691726. Is j prime?
True
Suppose -6*d = 2369 + 4075. Is (d/9)/(10/(-165)) composite?
True
Suppose -13*t = t - 49154. Is t a composite number?
False
Let j = 16819 - 9872. Is j a prime number?
True
Suppose -3*y = i - 11758, -4*y = -6*i + 8*i - 15674. Is y a composite number?
True
Let r(p) = 30*p**2 - 39*p + 134. Is r(5) composite?
True
Let b(f) = 2*f**2 - f + 1. Let v be b(1). Let z(h) be the second derivative of 3*h**5/20 - h**4/4 + h**3/6 + h. Is z(v) a prime number?
False
Let m(h) = 473*h**2 + 29*h + 1. Is m(8) composite?
True
Let k(p) be the first derivative of p**4/2 - 150. Suppose -3*l = l - 4. Is k(l) a composite number?
False
Let t(p) = 30*p**2 + 3*p - 5. Is t(-6) prime?
False
Suppose -2*b = -0*b + 6. Is 1089 + (0 - b - 5) a prime number?
True
Suppose -5 = 4*a - 5*k, 5*a - 2*k + 3*k = 30. Suppose -21 = -5*t - 1, -5*f = a*t - 1610. Suppose -4*j + 2*r + r = -688, 0 = 2*j + 5*r - f. Is j a prime number?
False
Let t(q) = q**3 - 43*q**2 - 250*q + 89. Is t(73) prime?
True
Suppose -19*j + 17834 = 2*q - 18*j, 0 = -5*j. Is q a composite number?
True
Let n = -23 + 25. Let c(k) be the first derivative of 5*k**4/4 - k**3/3 - k**2 + k - 2. Is c(n) composite?
True
Let b(d) = 35*d**2 - 7*d + 59. Is b(16) prime?
False
Let v be ((-2)/(-2))/(6/5370). Let t = -592 + v. Is t prime?
False
Let m be (-13)/13*(1 - 2). Is (-1)/m*-1471*1 prime?
True
Let m(o) = 8*o**2 + 42*o + 31. Is m(30) composite?
True
Let u(t) = t**2 - 15*t + 11. Let y be u(14). Let a(k) = -k**2 - 7*k - 4. Let j be a(y). Let d(q) = 60*q - 11. Is d(j) a composite number?
True
Let n = 760 + 916. Suppose -5*f + n = -f. Is f a prime number?
True
Let q = -12 - -16. Let u be 1605/(-20) - (-1)/q. Let z = u + 223. Is z prime?
False
Let j = 1990 + -348. Is j prime?
False
Let h(i) = -875*i - 489. Is h(-4) a composite number?
False
Suppose i - 2*f = 3*f + 49, -f = -5*i + 173. Suppose 29*c + 1910 = i*c. Is c prime?
False
Let i(j) = 339*j**2 + 27*j - 85. Is i(4) prime?
False
Let j(p) = 3*p - 7. Let v be j(5). Is 106/((-4)/v - (-10)/4) prime?
True
Suppose 3301 = -4*w - 3*h, 740 - 2388 = 2*w + 4*h. Let n = w - -1462. Suppose 3*k = 5 - 2, 5*r + k - n = 0. Is r a composite number?
False
Suppose l + 5*c - 2*c = 3115, 5*l - 5*c - 15535 = 0. Is l a prime number?
True
Let d = -13 + 5. Let f = d + 10. Suppose 381 = f*b + b. Is b a prime number?
True
Suppose 2*z - 2*f = -0*z - 36, 5*f - 69 = 4*z. Let w = -18 - z. Suppose -w*m + 1374 = 468. Is m composite?
True
Let w(t) = t**3 - 4*t**2 + 4*t + 1. Suppose 3*x = -2*p - 6, 0 = 2*p + 3*x - 2*x - 2. Let f be w(p). Suppose -f*b + 86 + 210 = 0. Is b a composite number?
True
Let b(y) = 3*y - 9. Let x be b(6). Suppose u - 4 + x = 0. Let p(c) = -c**2 - 11*c + 7. Is p(u) a prime number?
True
Let l = 30 + -10. Let j = 16 - l. Is -758*j/8*1 a prime number?
True
Let j(o) = 2*o - 21. Let p(l) = -l**2 + 6*l + 14. Let w be p(6). Is j(w) a composite number?
False
Let p(t) = -t**3 + 47. Suppose -4*w + 29 = -4*u - 11, -3*w + 5*u = -40. Suppose 3*s = -2*k + 9, 5 + 10 = k + w*s. Is p(k) prime?
True
Suppose 0*a = -2*n + a + 1673, -4*n + a + 3351 = 0. Is n a composite number?
False
Suppose 0 = 2*g - 14 - 10. Suppose -g*m = -11*m - 194. Is m a composite number?
True
Let m be (-194)/(4/(-30)*3). Let l = -267 + 276. Suppose l = 3*j, 1903 = 4*u + 2*j + m. Is u composite?
False
Let y be (-91)/(-14) - 7 - (-74)/4. Suppose -a = -y - 59. Is a a composite number?
True
Let s(o) = o**3 - 11*o**2 - 15*o - 2. Let h be s(12). Let q = -29 + h. Let c = -30 - q. Is c prime?
True
Let p(i) = -1132*i + 7. Suppose -2*x = -b + 7, b = 5*x - 2*b + 20. Is p(x) composite?
True
Let u(j) be the third derivative of -j**4/6 - j**3/6 - 11*j**2. Let r be u(1). Is r*2/(-10)*251 composite?
False
Let m be (-56)/12 - (-6)/9. Let c be 3 - (-8)/(-2) - m. Suppose -q - 5*o + 62 = -42, 6 = c*o. Is q a composite number?
True
Let i(b) = 14*b**2 + 9*b + 123. Is i(24) a composite number?
True
Let m = -686 + 1725. Is m composite?
False
Suppose 4*y = -3*c + 4*c - 16247, -y + 48728 = 3*c. Is c a prime number?
False
Let f(m) = -1675*m**3 - 2*m**2 + m + 1. Is f(-2) prime?
False
Suppose 4*i = -3*n + 764, -3*i + 6*i = 5*n + 573. Suppose 5*m - 6*m + i = 0. Is m composite?
False
Let s(v) = 10*v**2 - 2*v - 7. Let p = 3 + -8. Is s(p) prime?
False
Let x(w) = -1413*w - 4. Is x(-5) prime?
False
Suppose 0*g = 5*g - 1315. Is (1 + -1 - g)/(-1) prime?
True
Let k(g) = -27*g**2 + 2*g + 1. Let i be k(-1). Suppose 19 + 131 = 10*p. Let y = p - i. Is y a composite number?
False
Let c(z) = -14*z - 5 + 1 + 3. Let o = 30 - 35. Is c(o) prime?
False
Let n = -115575 - -162796. Is n a prime number?
True
Let c = 15240 - 907. Is c prime?
False
Suppose -16*l + 15*l + 64245 = 3*c, 2*c = l - 64265. Is l prime?
False
Suppose 0 = -0*l + 4*l. Suppose 19*x - 66 = -3*x. Suppose -3*y + 2*w - x*w + 281 = l, 2*w - 92 = -y. Is y composite?
True
Let c(t) be the second derivative of -t**5/20 + 3*t**4/4 + 23*t**3/6 + t**2/2 + 9*t. Is c(-10) a composite number?
True
Let d(k) be the second derivative of -11*k**3/6 - 5*k**2/2 - 9*k. Let j be d(6)